{"id":542,"date":"2024-05-05T18:38:04","date_gmt":"2024-05-05T18:38:04","guid":{"rendered":"https:\/\/4pattesamodeler.com\/?page_id=542"},"modified":"2025-12-07T09:53:05","modified_gmt":"2025-12-07T09:53:05","slug":"zoopharmacognosie","status":"publish","type":"page","link":"https:\/\/4pattesamodeler.com\/?page_id=542","title":{"rendered":"Zoopharmacognosie Appliqu\u00e9e"},"content":{"rendered":"<style>\/*! elementor - v3.18.0 - 20-12-2023 *\/<br \/>\n.elementor-widget-image{text-align:center}.elementor-widget-image a{display:inline-block}.elementor-widget-image a img[src$=\".svg\"]{width:48px}.elementor-widget-image img{vertical-align:middle;display:inline-block}<\/style>\n<p>Aucune finalit\u00e9 th\u00e9rapeutique &#8211; Ne se substitue pas \u00e0 un suivi v\u00e9t\u00e9rinaire<\/p>\n<p>Possibilit\u00e9 de tarif group\u00e9 \u00e0 partir de 3 animaux du m\u00eame foyer!<\/p>\n<p><img fetchpriority=\"high\" decoding=\"async\" src=\"https:\/\/4pattesamodeler.com\/wp-content\/uploads\/2025\/11\/2-1024x1024.png\" sizes=\"(max-width: 640px) 100vw, 640px\" srcset=\"https:\/\/4pattesamodeler.com\/wp-content\/uploads\/2025\/11\/2-1024x1024.png 1024w, https:\/\/4pattesamodeler.com\/wp-content\/uploads\/2025\/11\/2-300x300.png 300w, https:\/\/4pattesamodeler.com\/wp-content\/uploads\/2025\/11\/2-150x150.png 150w, https:\/\/4pattesamodeler.com\/wp-content\/uploads\/2025\/11\/2-768x768.png 768w, https:\/\/4pattesamodeler.com\/wp-content\/uploads\/2025\/11\/2-850x850.png 850w, https:\/\/4pattesamodeler.com\/wp-content\/uploads\/2025\/11\/2.png 1080w\" alt=\"\" width=\"640\" height=\"640\" \/><br \/>\n<img decoding=\"async\" src=\"https:\/\/4pattesamodeler.com\/wp-content\/uploads\/2025\/11\/3-1024x1024.png\" sizes=\"(max-width: 640px) 100vw, 640px\" srcset=\"https:\/\/4pattesamodeler.com\/wp-content\/uploads\/2025\/11\/3-1024x1024.png 1024w, https:\/\/4pattesamodeler.com\/wp-content\/uploads\/2025\/11\/3-300x300.png 300w, https:\/\/4pattesamodeler.com\/wp-content\/uploads\/2025\/11\/3-150x150.png 150w, https:\/\/4pattesamodeler.com\/wp-content\/uploads\/2025\/11\/3-768x768.png 768w, https:\/\/4pattesamodeler.com\/wp-content\/uploads\/2025\/11\/3-850x850.png 850w, https:\/\/4pattesamodeler.com\/wp-content\/uploads\/2025\/11\/3.png 1080w\" alt=\"\" width=\"640\" height=\"640\" \/><br \/>\n<img decoding=\"async\" src=\"https:\/\/4pattesamodeler.com\/wp-content\/uploads\/2025\/11\/4-1024x1024.png\" sizes=\"(max-width: 640px) 100vw, 640px\" srcset=\"https:\/\/4pattesamodeler.com\/wp-content\/uploads\/2025\/11\/4-1024x1024.png 1024w, https:\/\/4pattesamodeler.com\/wp-content\/uploads\/2025\/11\/4-300x300.png 300w, https:\/\/4pattesamodeler.com\/wp-content\/uploads\/2025\/11\/4-150x150.png 150w, https:\/\/4pattesamodeler.com\/wp-content\/uploads\/2025\/11\/4-768x768.png 768w, https:\/\/4pattesamodeler.com\/wp-content\/uploads\/2025\/11\/4-850x850.png 850w, https:\/\/4pattesamodeler.com\/wp-content\/uploads\/2025\/11\/4.png 1080w\" alt=\"\" width=\"640\" height=\"640\" \/><br \/>\n<img loading=\"lazy\" decoding=\"async\" src=\"https:\/\/4pattesamodeler.com\/wp-content\/uploads\/2025\/11\/5-1024x1024.png\" sizes=\"(max-width: 640px) 100vw, 640px\" srcset=\"https:\/\/4pattesamodeler.com\/wp-content\/uploads\/2025\/11\/5-1024x1024.png 1024w, https:\/\/4pattesamodeler.com\/wp-content\/uploads\/2025\/11\/5-300x300.png 300w, https:\/\/4pattesamodeler.com\/wp-content\/uploads\/2025\/11\/5-150x150.png 150w, https:\/\/4pattesamodeler.com\/wp-content\/uploads\/2025\/11\/5-768x768.png 768w, https:\/\/4pattesamodeler.com\/wp-content\/uploads\/2025\/11\/5-850x850.png 850w, https:\/\/4pattesamodeler.com\/wp-content\/uploads\/2025\/11\/5.png 1080w\" alt=\"\" width=\"640\" height=\"640\" \/><br \/>\n<img loading=\"lazy\" decoding=\"async\" src=\"https:\/\/4pattesamodeler.com\/wp-content\/uploads\/2025\/11\/6-1024x1024.png\" sizes=\"(max-width: 640px) 100vw, 640px\" srcset=\"https:\/\/4pattesamodeler.com\/wp-content\/uploads\/2025\/11\/6-1024x1024.png 1024w, https:\/\/4pattesamodeler.com\/wp-content\/uploads\/2025\/11\/6-300x300.png 300w, https:\/\/4pattesamodeler.com\/wp-content\/uploads\/2025\/11\/6-150x150.png 150w, https:\/\/4pattesamodeler.com\/wp-content\/uploads\/2025\/11\/6-768x768.png 768w, https:\/\/4pattesamodeler.com\/wp-content\/uploads\/2025\/11\/6-850x850.png 850w, https:\/\/4pattesamodeler.com\/wp-content\/uploads\/2025\/11\/6.png 1080w\" alt=\"\" width=\"640\" height=\"640\" \/><\/p>\n","protected":false},"excerpt":{"rendered":"<p>Aucune finalit\u00e9 th\u00e9rapeutique &#8211; Ne se substitue pas \u00e0 un suivi v\u00e9t\u00e9rinaire Possibilit\u00e9 de tarif&#8230;<\/p>\n","protected":false},"author":1,"featured_media":0,"parent":0,"menu_order":0,"comment_status":"closed","ping_status":"closed","template":"","meta":{"footnotes":""},"class_list":["post-542","page","type-page","status-publish","hentry"],"_links":{"self":[{"href":"https:\/\/4pattesamodeler.com\/index.php?rest_route=\/wp\/v2\/pages\/542","targetHints":{"allow":["GET"]}}],"collection":[{"href":"https:\/\/4pattesamodeler.com\/index.php?rest_route=\/wp\/v2\/pages"}],"about":[{"href":"https:\/\/4pattesamodeler.com\/index.php?rest_route=\/wp\/v2\/types\/page"}],"author":[{"embeddable":true,"href":"https:\/\/4pattesamodeler.com\/index.php?rest_route=\/wp\/v2\/users\/1"}],"replies":[{"embeddable":true,"href":"https:\/\/4pattesamodeler.com\/index.php?rest_route=%2Fwp%2Fv2%2Fcomments&post=542"}],"version-history":[{"count":5,"href":"https:\/\/4pattesamodeler.com\/index.php?rest_route=\/wp\/v2\/pages\/542\/revisions"}],"predecessor-version":[{"id":1252,"href":"https:\/\/4pattesamodeler.com\/index.php?rest_route=\/wp\/v2\/pages\/542\/revisions\/1252"}],"wp:attachment":[{"href":"https:\/\/4pattesamodeler.com\/index.php?rest_route=%2Fwp%2Fv2%2Fmedia&parent=542"}],"curies":[{"name":"wp","href":"https:\/\/api.w.org\/{rel}","templated":true}]}}