{"id":25,"date":"2023-12-20T17:22:57","date_gmt":"2023-12-20T17:22:57","guid":{"rendered":"https:\/\/4pattesamodeler.com\/?page_id=25"},"modified":"2026-03-11T11:56:23","modified_gmt":"2026-03-11T11:56:23","slug":"qui-suis-je","status":"publish","type":"page","link":"https:\/\/4pattesamodeler.com\/","title":{"rendered":"A propos&#8230;"},"content":{"rendered":"\t\t<div data-elementor-type=\"wp-page\" data-elementor-id=\"25\" class=\"elementor elementor-25\">\n\t\t\t\t\t\t\t<div class=\"elementor-element elementor-element-d9ae5ae e-flex e-con-boxed e-con e-parent\" data-id=\"d9ae5ae\" data-element_type=\"container\" data-settings=\"{&quot;content_width&quot;:&quot;boxed&quot;}\" data-core-v316-plus=\"true\">\n\t\t\t\t\t<div class=\"e-con-inner\">\n\t\t<div class=\"elementor-element elementor-element-85d0f07 e-con-full e-flex e-con e-child\" data-id=\"85d0f07\" data-element_type=\"container\" data-settings=\"{&quot;content_width&quot;:&quot;full&quot;}\">\n\t\t\t\t<div class=\"elementor-element elementor-element-09eaa50 elementor-widget elementor-widget-image\" data-id=\"09eaa50\" data-element_type=\"widget\" data-widget_type=\"image.default\">\n\t\t\t\t<div class=\"elementor-widget-container\">\n\t\t\t<style>\/*! elementor - v3.18.0 - 20-12-2023 *\/\n.elementor-widget-image{text-align:center}.elementor-widget-image a{display:inline-block}.elementor-widget-image a img[src$=\".svg\"]{width:48px}.elementor-widget-image img{vertical-align:middle;display:inline-block}<\/style>\t\t\t\t\t\t\t\t\t\t\t\t<img fetchpriority=\"high\" decoding=\"async\" width=\"640\" height=\"731\" src=\"https:\/\/4pattesamodeler.com\/wp-content\/uploads\/2023\/12\/371175634_1345919332703550_399523797982556768_n-896x1024.jpg\" class=\"attachment-large size-large wp-image-67\" alt=\"\" srcset=\"https:\/\/4pattesamodeler.com\/wp-content\/uploads\/2023\/12\/371175634_1345919332703550_399523797982556768_n-896x1024.jpg 896w, https:\/\/4pattesamodeler.com\/wp-content\/uploads\/2023\/12\/371175634_1345919332703550_399523797982556768_n-263x300.jpg 263w, https:\/\/4pattesamodeler.com\/wp-content\/uploads\/2023\/12\/371175634_1345919332703550_399523797982556768_n-768x878.jpg 768w, https:\/\/4pattesamodeler.com\/wp-content\/uploads\/2023\/12\/371175634_1345919332703550_399523797982556768_n-300x343.jpg 300w, https:\/\/4pattesamodeler.com\/wp-content\/uploads\/2023\/12\/371175634_1345919332703550_399523797982556768_n-850x971.jpg 850w, https:\/\/4pattesamodeler.com\/wp-content\/uploads\/2023\/12\/371175634_1345919332703550_399523797982556768_n.jpg 1080w\" sizes=\"(max-width: 640px) 100vw, 640px\" \/>\t\t\t\t\t\t\t\t\t\t\t\t\t\t\t<\/div>\n\t\t\t\t<\/div>\n\t\t\t\t<\/div>\n\t\t<div class=\"elementor-element elementor-element-d87df30 e-con-full e-flex e-con e-child\" data-id=\"d87df30\" data-element_type=\"container\" data-settings=\"{&quot;content_width&quot;:&quot;full&quot;}\">\n\t\t\t\t<div class=\"elementor-element elementor-element-ba92065 elementor-widget elementor-widget-text-editor\" data-id=\"ba92065\" data-element_type=\"widget\" data-widget_type=\"text-editor.default\">\n\t\t\t\t<div class=\"elementor-widget-container\">\n\t\t\t<style>\/*! elementor - v3.18.0 - 20-12-2023 *\/\n.elementor-widget-text-editor.elementor-drop-cap-view-stacked .elementor-drop-cap{background-color:#69727d;color:#fff}.elementor-widget-text-editor.elementor-drop-cap-view-framed .elementor-drop-cap{color:#69727d;border:3px solid;background-color:transparent}.elementor-widget-text-editor:not(.elementor-drop-cap-view-default) .elementor-drop-cap{margin-top:8px}.elementor-widget-text-editor:not(.elementor-drop-cap-view-default) .elementor-drop-cap-letter{width:1em;height:1em}.elementor-widget-text-editor .elementor-drop-cap{float:left;text-align:center;line-height:1;font-size:50px}.elementor-widget-text-editor .elementor-drop-cap-letter{display:inline-block}<\/style>\t\t\t\t<p>Je m&#8217;appelle Elisabeth, j&#8217;ai 32 ans et je suis fi\u00e8rement franco-italienne!<\/p><p>Apr\u00e8s plus de 10 ans dans le monde juridique, j&#8217;ai d\u00e9cid\u00e9 de changer de vie et de me consacrer \u00e0 une passion cach\u00e9e, le comportement animalier.<\/p><p>La formation suivie au Centre du bien-\u00eatre animal m&#8217;a permis d&#8217;acqu\u00e9rir des connaissances en accord avec mes valeurs : avec moi, vous ne verrez jamais de collier \u00e9trangleur\/\u00e0 pics, \u00e9lectrique ni d&#8217;a-coups sur la laisse.\u00a0<\/p><p>Mon approche de l&#8217;\u00e9ducation est holistique : je prends en compte chaque aspect de votre chien (son alimentation, son cadre de vie, ses besoins li\u00e9es \u00e0 la race, son \u00e9tat de sant\u00e9&#8230;) et vous propose un programme sur mesure, avec des m\u00e9thodes ax\u00e9es sur le renforcement positif. Je vous apprend \u00e0 g\u00e9rer vos \u00e9motions et \u00e0 faire de votre chien un loulou autonome, capable de prendre les bonnes d\u00e9cisions.<\/p><p>Je pourrai vous apprendre les ordres de base (assis, couch\u00e9, donne la patte&#8230;) mais ils n&#8217;aideront pas forc\u00e9ment le chien \u00e0 \u00e9voluer en soci\u00e9t\u00e9. Le chien a besoin d&#8217;un cadre, et de consignes claires, certes, mais il a surtout besoin de d\u00e9velopper des comp\u00e9tentes pour vivre dans une soci\u00e9t\u00e9 \u00e0 taille humaine.<\/p><p>Je suis parfois accompagn\u00e9e de Diego, mon border collie\/labrador de 6 ans, afin d&#8217;aider vos chiens dans leur \u00e9ducation et r\u00e9\u00e9ducation. Les rencontres sont encadr\u00e9es dans le respect de la zone de confort de chacun.<\/p>\t\t\t\t\t\t<\/div>\n\t\t\t\t<\/div>\n\t\t\t\t<\/div>\n\t\t\t\t\t<\/div>\n\t\t\t\t<\/div>\n\t\t<div class=\"elementor-element elementor-element-1a5f188 e-flex e-con-boxed e-con e-parent\" data-id=\"1a5f188\" data-element_type=\"container\" data-settings=\"{&quot;content_width&quot;:&quot;boxed&quot;}\" data-core-v316-plus=\"true\">\n\t\t\t\t\t<div class=\"e-con-inner\">\n\t\t<div class=\"elementor-element elementor-element-dc016e9 e-con-full e-flex e-con e-child\" data-id=\"dc016e9\" data-element_type=\"container\" data-settings=\"{&quot;content_width&quot;:&quot;full&quot;}\">\n\t\t\t\t<div class=\"elementor-element elementor-element-e587edf elementor-widget elementor-widget-text-editor\" data-id=\"e587edf\" data-element_type=\"widget\" data-widget_type=\"text-editor.default\">\n\t\t\t\t<div class=\"elementor-widget-container\">\n\t\t\t\t\t\t\t<p><span style=\"color: #0000ff;\"><strong>Mes formations :\u00a0<\/strong><\/span><\/p><p><span style=\"color: #0000ff;\"><strong>*<\/strong><\/span><a href=\"http:\/\/www.centredubienetreanimal.fr\">2021 Certifi\u00e9e CBEAF (Centre du bien-\u00eatre Animal)<\/a><\/p><p><span style=\"color: #0000ff;\"><strong>*<\/strong><\/span>2021 \u00e0 aujourd&#8217;hui :<\/p><p><span style=\"color: #0000ff;\"><strong>*<\/strong><strong>*<\/strong><\/span><a href=\"https:\/\/fearfreepets.com\/\">FearFree Certified<\/a> (soins v\u00e9t\u00e9rinaires et m\u00e9dical training avec le moins de stress possible pour l&#8217;animal)<\/p><p><span style=\"color: #0000ff;\"><strong>*<\/strong><strong>*<\/strong><\/span>Stages pratiques et th\u00e9oriques de mantrailing et pistage comportemental avec Karine Faucher-Harmonie Canine<\/p><p><span style=\"color: #0000ff;\"><strong>**<\/strong><span style=\"color: #000000;\">PECCRAM &#8211; Programme d&#8217;\u00e9ducation \u00e0 la connaissance du chien et au risque d&#8217;accidents par morsure<\/span><\/span><\/p><p><span style=\"color: #0000ff;\"><strong>**<\/strong><\/span>Formation &#8220;pistage de loisirs&#8221; avec Sandrine Caron de Kanidikoi<\/p><p><span style=\"color: #0000ff;\"><strong>**<\/strong><\/span>Stage th\u00e9orique et pratique &#8220;soins coop\u00e9ratifs&#8221; avec Iris Castaing<\/p><p><span style=\"color: #0000ff;\"><strong>**<\/strong><\/span>Stage pratique &#8220;Pr\u00e9dation et comportements pr\u00e9datoires&#8221; avec Adriano Pasqualetti <em>(I cani di via del Campo)<\/em><\/p><p><span style=\"color: #0000ff;\"><strong>**<\/strong><\/span>Muzo+ : face \u00e0 l&#8217;environnement, chiens phobiques et anxieux<\/p><p><span style=\"color: #0000ff;\"><strong>**<\/strong><\/span>Instructeur en d\u00e9tection-nosework (Laure Hanouna)<\/p><p><span style=\"color: #0000ff;\"><strong>**<\/strong><\/span>Separation anxiety program (Moira Hechenleitner) &#8211; formation anxi\u00e9t\u00e9 de s\u00e9paration<\/p><p><a href=\"http:\/\/www.carolineingraham.com\">Zoopharmacognosie Appliqu\u00e9e &#8211; Module 1 (Caroline Ingraham)<\/a><\/p><p><a href=\"http:\/\/www.carolineingraham.com\">Zoopharmacognosie Appliqu\u00e9e &#8211; Module 2 (Caroline Ingraham)<\/a><\/p><p><span style=\"text-decoration: underline;\"><strong>2026:<\/strong><\/span><\/p><p><a href=\"http:\/\/www.carolineingraham.com\">Zoopharmacognosie Appliqu\u00e9e &#8211; Module 3 certifiant (Caroline Ingraham)\u00a0<\/a><\/p><p><span style=\"text-decoration: underline;\"><strong>Webinaires<\/strong><\/span> :\u00a0<\/p><p>*<a href=\"http:\/\/www.fearfreepets.com\">FearFree &#8211; The Neurobiology of toxic stress<\/a>\u00a0(comment le stress affecte le corps)<\/p><p>*Fear Free &#8211; Nail trims (coupe de griffes sans stress)<\/p><p>*Calm Canine Academy : Stranger danger agressive dog training<\/p><p>*Karine Faucher &#8211; Le Flair du chien<\/p><p><a href=\"http:\/\/www.noschiensheureux.fr\">*Nos chiens heureux : M\u00e9ditachien &#8211; relaxation et l\u00e2cher prise<\/a><\/p><p>*Muzo+ : R\u00e9activit\u00e9 canine, quand la friandise n&#8217;est pas une option\u00a0<\/p><p>*FearFree : protection de ressources<\/p><p>*Amazing Animal Minds : Phobie des bruits chez le chien (Dr Else Verbeek)<\/p>\t\t\t\t\t\t<\/div>\n\t\t\t\t<\/div>\n\t\t\t\t<\/div>\n\t\t<div class=\"elementor-element elementor-element-d3656e2 e-con-full e-flex e-con e-child\" data-id=\"d3656e2\" data-element_type=\"container\" data-settings=\"{&quot;content_width&quot;:&quot;full&quot;}\">\n\t\t\t\t<div class=\"elementor-element elementor-element-951d883 elementor-widget elementor-widget-image\" data-id=\"951d883\" data-element_type=\"widget\" data-widget_type=\"image.default\">\n\t\t\t\t<div class=\"elementor-widget-container\">\n\t\t\t\t\t\t\t\t\t\t\t\t\t\t\t<img decoding=\"async\" width=\"640\" height=\"853\" src=\"https:\/\/4pattesamodeler.com\/wp-content\/uploads\/2023\/12\/363815579_1331629567712343_201205551436226969_n.jpg\" class=\"attachment-large size-large wp-image-68\" alt=\"\" srcset=\"https:\/\/4pattesamodeler.com\/wp-content\/uploads\/2023\/12\/363815579_1331629567712343_201205551436226969_n.jpg 768w, https:\/\/4pattesamodeler.com\/wp-content\/uploads\/2023\/12\/363815579_1331629567712343_201205551436226969_n-225x300.jpg 225w, https:\/\/4pattesamodeler.com\/wp-content\/uploads\/2023\/12\/363815579_1331629567712343_201205551436226969_n-300x400.jpg 300w\" sizes=\"(max-width: 640px) 100vw, 640px\" \/>\t\t\t\t\t\t\t\t\t\t\t\t\t\t\t<\/div>\n\t\t\t\t<\/div>\n\t\t\t\t<\/div>\n\t\t\t\t\t<\/div>\n\t\t\t\t<\/div>\n\t\t<div class=\"elementor-element elementor-element-fefdb7c e-flex e-con-boxed e-con e-parent\" data-id=\"fefdb7c\" data-element_type=\"container\" data-settings=\"{&quot;content_width&quot;:&quot;boxed&quot;}\" data-core-v316-plus=\"true\">\n\t\t\t\t\t<div class=\"e-con-inner\">\n\t\t\t\t<div class=\"elementor-element elementor-element-6d815cd elementor-widget elementor-widget-image\" data-id=\"6d815cd\" data-element_type=\"widget\" data-widget_type=\"image.default\">\n\t\t\t\t<div class=\"elementor-widget-container\">\n\t\t\t\t\t\t\t\t\t\t\t\t\t\t\t<img decoding=\"async\" width=\"640\" height=\"905\" src=\"https:\/\/4pattesamodeler.com\/wp-content\/uploads\/2026\/01\/Black-and-White-Minimalist-Service-Price-List-Social-Media-Package-Flyer-1-724x1024.png\" class=\"attachment-large size-large wp-image-1292\" alt=\"\" srcset=\"https:\/\/4pattesamodeler.com\/wp-content\/uploads\/2026\/01\/Black-and-White-Minimalist-Service-Price-List-Social-Media-Package-Flyer-1-724x1024.png 724w, https:\/\/4pattesamodeler.com\/wp-content\/uploads\/2026\/01\/Black-and-White-Minimalist-Service-Price-List-Social-Media-Package-Flyer-1-212x300.png 212w, https:\/\/4pattesamodeler.com\/wp-content\/uploads\/2026\/01\/Black-and-White-Minimalist-Service-Price-List-Social-Media-Package-Flyer-1-768x1086.png 768w, https:\/\/4pattesamodeler.com\/wp-content\/uploads\/2026\/01\/Black-and-White-Minimalist-Service-Price-List-Social-Media-Package-Flyer-1-1086x1536.png 1086w, https:\/\/4pattesamodeler.com\/wp-content\/uploads\/2026\/01\/Black-and-White-Minimalist-Service-Price-List-Social-Media-Package-Flyer-1-300x424.png 300w, https:\/\/4pattesamodeler.com\/wp-content\/uploads\/2026\/01\/Black-and-White-Minimalist-Service-Price-List-Social-Media-Package-Flyer-1-850x1202.png 850w, https:\/\/4pattesamodeler.com\/wp-content\/uploads\/2026\/01\/Black-and-White-Minimalist-Service-Price-List-Social-Media-Package-Flyer-1.png 1414w\" sizes=\"(max-width: 640px) 100vw, 640px\" \/>\t\t\t\t\t\t\t\t\t\t\t\t\t\t\t<\/div>\n\t\t\t\t<\/div>\n\t\t\t\t\t<\/div>\n\t\t\t\t<\/div>\n\t\t\t\t\t\t\t<\/div>\n\t\t","protected":false},"excerpt":{"rendered":"<p>Je m&#8217;appelle Elisabeth, j&#8217;ai 32 ans et je suis fi\u00e8rement franco-italienne! Apr\u00e8s plus de 10&#8230;<\/p>\n","protected":false},"author":1,"featured_media":0,"parent":0,"menu_order":0,"comment_status":"closed","ping_status":"closed","template":"","meta":{"footnotes":""},"class_list":["post-25","page","type-page","status-publish","hentry"],"_links":{"self":[{"href":"https:\/\/4pattesamodeler.com\/index.php?rest_route=\/wp\/v2\/pages\/25","targetHints":{"allow":["GET"]}}],"collection":[{"href":"https:\/\/4pattesamodeler.com\/index.php?rest_route=\/wp\/v2\/pages"}],"about":[{"href":"https:\/\/4pattesamodeler.com\/index.php?rest_route=\/wp\/v2\/types\/page"}],"author":[{"embeddable":true,"href":"https:\/\/4pattesamodeler.com\/index.php?rest_route=\/wp\/v2\/users\/1"}],"replies":[{"embeddable":true,"href":"https:\/\/4pattesamodeler.com\/index.php?rest_route=%2Fwp%2Fv2%2Fcomments&post=25"}],"version-history":[{"count":5,"href":"https:\/\/4pattesamodeler.com\/index.php?rest_route=\/wp\/v2\/pages\/25\/revisions"}],"predecessor-version":[{"id":1321,"href":"https:\/\/4pattesamodeler.com\/index.php?rest_route=\/wp\/v2\/pages\/25\/revisions\/1321"}],"wp:attachment":[{"href":"https:\/\/4pattesamodeler.com\/index.php?rest_route=%2Fwp%2Fv2%2Fmedia&parent=25"}],"curies":[{"name":"wp","href":"https:\/\/api.w.org\/{rel}","templated":true}]}}